e the remainder when 25353 is divided by 618.
15
What is the remainder when 1136 is divided by 50?
36
What is the remainder when 126811 is divided by 1865?
1856
What is the remainder when 4451 is divided by 253?
150
What is the remainder when 2278 is divided by 14?
10
What is the remainder when 15231 is divided by 5073?
12
What is the remainder when 5421 is divided by 27?
21
What is the remainder when 625 is divided by 11?
9
What is the remainder when 1507 is divided by 165?
22
Calculate the remainder when 26307 is divided by 975.
957
Calculate the remainder when 18133 is divided by 206.
5
Calculate the remainder when 1698 is divided by 520.
138
Calculate the remainder when 1832 is divided by 374.
336
What is the remainder when 2798 is divided by 100?
98
What is the remainder when 6626 is divided by 2207?
5
What is the remainder when 188707 is divided by 426?
415
Calculate the remainder when 644183 is divided by 46.
45
What is the remainder when 120788 is divided by 143?
96
Calculate the remainder when 151742 is divided by 358.
308
What is the remainder when 52308 is divided by 104?
100
Calculate the remainder when 1241 is divided by 11.
9
What is the remainder when 114721 is divided by 92?
89
Calculate the remainder when 2590263 is divided by 166.
165
What is the remainder when 38055 is divided by 1409?
12
Calculate the remainder when 20716 is divided by 10346.
24
Calculate the remainder when 23705 is divided by 18.
17
What is the remainder when 21075 is divided by 84?
75
Calculate the remainder when 120685 is divided by 38.
35
Calculate the remainder when 9297 is divided by 2322.
9
Calculate the remainder when 26003 is divided by 155.
118
What is the remainder when 231139 is divided by 11?
7
Calculate the remainder when 113095 is divided by 12.
7
Calculate the remainder when 51703 is divided by 581.
575
Calculate the remainder when 24352 is divided by 139.
27
What is the remainder when 705 is divided by 134?
35
Calculate the remainder when 1990 is divided by 6.
4
Calculate the remainder when 1433 is divided by 48.
41
Calculate the remainder when 12069 is divided by 480.
69
Calculate the remainder when 349600 is divided by 174800.
0
What is the remainder when 6398 is divided by 427?
420
Calculate the remainder when 4897 is divided by 243.
37
Calculate the remainder when 2452 is divided by 29.
16
Calculate the remainder when 17288 is divided by 3448.
48
Calculate the remainder when 12352 is divided by 47.
38
What is the remainder when 27103 is divided by 195?
193
What is the remainder when 348622 is divided by 9?
7
What is the remainder when 1018 is divided by 163?
40
What is the remainder when 22532 is divided by 18?
14
What is the remainder when 85186 is divided by 286?
244
What is the remainder when 108564 is divided by 238?
36
What is the remainder when 102248 is divided by 117?
107
What is the remainder when 152848 is divided by 76418?
12
What is the remainder when 269877 is divided by 89949?
30
What is the remainder when 639756 is divided by 1849?
2
Calculate the remainder when 149488 is divided by 250.
238
What is the remainder when 174548 is divided by 1763?
11
What is the remainder when 294393 is divided by 338?
333
What is the remainder when 14362 is divided by 27?
25
What is the remainder when 117935 is divided by 126?
125
Calculate the remainder when 165664 is divided by 499.
495
What is the remainder when 9345 is divided by 191?
177
What is the remainder when 398734 is divided by 281?
276
Calculate the remainder when 41201 is divided by 55.
6
What is the remainder when 48707 is divided by 297?
296
Calculate the remainder when 397569 is divided by 4.
1
Calculate the remainder when 404119 is divided by 40.
39
What is the remainder when 247246 is divided by 102?
100
Calculate the remainder when 22640 is divided by 34.
30
Calculate the remainder when 9016 is divided by 2028.
904
What is the remainder when 45785 is divided by 1388?
1369
Calculate the remainder when 490 is divided by 222.
46
Calculate the remainder when 172043 is divided by 105.
53
What is the remainder when 35449 is divided by 972?
457
What is the remainder when 12563 is divided by 1136?
67
What is the remainder when 23970 is divided by 50?
20
What is the remainder when 419325 is divided by 576?
573
Calculate the remainder when 8053 is divided by 8036.
17
What is the remainder when 2256 is divided by 2246?
10
Calculate the remainder when 21976 is divided by 449.
424
Calculate the remainder when 4126 is divided by 258.
256
Calculate the remainder when 3343 is divided by 66.
43
What is the remainder when 2496178 is divided by 198?
190
What is the remainder when 716248 is divided by 625?
623
Calculate the remainder when 3973 is divided by 304.
21
Calculate the remainder when 77415 is divided by 557.
549
Calculate the remainder when 39801 is divided by 43.
26
Calculate the remainder when 4271 is divided by 3566.
705
Calculate the remainder when 25772 is divided by 36.
32
Calculate the remainder when 283605 is divided by 108.
105
Calculate the remainder when 1894 is divided by 288.
166
What is the remainder when 3256072 is divided by 9?
7
Calculate the remainder when 10565 is divided by 141.
131
What is the remainder when 4403 is divided by 64?
51
What is the remainder when 1387 is divided by 149?
46
What is the remainder when 4247 is divided by 144?
71
Calculate the remainder when 361147 is divided by 188.
187
Calculate the remainder when 7581 is divided by 10.
1
Calculate the remainder when 10627 is divided by 884.
19
What is the remainder when 15076 is divided by 628?
4
Calculate the remainder when 6349 is divided by 87.
85
What is the remainder when 13442 is divided by 4380?
302
What is the remainder when 2845 is divided by 36?
1
Calculate the remainder when 44916 is divided by 2807.
4
What is the remainder when 1017 is divided by 834?
183
What is the remainder when 202 is divided by 52?
46
What is the remainder when 73169 is divided by 10450?
19
What is the remainder when 10645 is divided by 87?
31
Calculate the remainder when 1053068 is divided by 16454.
12
Calculate the remainder when 12144 is divided by 12134.
10
Calculate the remainder when 35435 is divided by 29.
26
Calculate the remainder when 33669 is divided by 91.
90
Calculate the remainder when 26463 is divided by 838.
485
Calculate the remainder when 2551 is divided by 253.
21
Calculate the remainder when 1536 is divided by 105.
66
Calculate the remainder when 630965 is divided by 21.
20
What is the remainder when 45220 is divided by 63?
49
What is the remainder when 337 is divided by 128?
81
Calculate the remainder when 2779 is divided by 10.
9
What is the remainder when 192286 is divided by 16?
14
Calculate the remainder when 4929 is divided by 963.
114
Calculate the remainder when 10905 is divided by 900.
105
Calculate the remainder when 51759 is divided by 428.
399
What is the remainder when 1766 is divided by 1345?
421
Calculate the remainder when 110978 is divided by 15.
8
Calculate the remainder when 18012 is divided by 9003.
6
Calculate the remainder when 35648 is divided by 36.
8
What is the remainder when 30656 is divided by 43?
40
What is the remainder when 52204 is divided by 365?
9
Calculate the remainder when 8833 is divided by 150.
133
What is the remainder when 4082 is divided by 43?
40
What is the remainder when 181518 is divided by 243?
240
Calculate the remainder when 48876 is divided by 24412.
52
Calculate the remainder when 1578 is divided by 99.
93
What is the remainder when 1350 is divided by 140?
90
Calculate the remainder when 3156 is divided by 485.
246
Calculate the remainder when 4641 is divided by 323.
119
Calculate the remainder when 241018 is divided by 48196.
38
What is the remainder when 247517 is divided by 11?
6
Calculate the remainder when 9808 is divided by 3028.
724
What is the remainder when 1774 is divided by 876?
22
What is the remainder when 44605 is divided by 24?
13
What is the remainder when 2398 is divided by 314?
200
What is the remainder when 12212 is divided by 1756?
1676
What is the remainder when 1439 is divided by 89?
15
What is the remainder when 25538 is divided by 374?
106
What is the remainder when 3632 is divided by 398?
50
Calculate the remainder